{"id":4906,"date":"2020-08-20T10:52:05","date_gmt":"2020-08-20T07:52:05","guid":{"rendered":"http:\/\/pdo.atauni.edu.tr\/?page_id=4906"},"modified":"2022-10-12T16:25:27","modified_gmt":"2022-10-12T13:25:27","slug":"projeler-hakkinda-genel-destek-basvurusu","status":"publish","type":"page","link":"http:\/\/pdo.atauni.edu.tr\/index.php\/projeler-hakkinda-genel-destek-basvurusu\/","title":{"rendered":"Proje Fikri Dinleme"},"content":{"rendered":"\t\t<div data-elementor-type=\"wp-page\" data-elementor-id=\"4906\" class=\"elementor elementor-4906\" data-elementor-post-type=\"page\">\n\t\t\t\t\t\t<section class=\"elementor-section elementor-top-section elementor-element elementor-element-0c0d915 elementor-section-boxed elementor-section-height-default elementor-section-height-default\" data-id=\"0c0d915\" data-element_type=\"section\" data-e-type=\"section\">\n\t\t\t\t\t\t<div class=\"elementor-container elementor-column-gap-default\">\n\t\t\t\t\t<div class=\"elementor-column elementor-col-100 elementor-top-column elementor-element elementor-element-74cc314\" data-id=\"74cc314\" data-element_type=\"column\" data-e-type=\"column\">\n\t\t\t<div class=\"elementor-widget-wrap elementor-element-populated\">\n\t\t\t\t\t\t<div class=\"elementor-element elementor-element-1be07ec elementor-widget elementor-widget-heading\" data-id=\"1be07ec\" data-element_type=\"widget\" data-e-type=\"widget\" data-widget_type=\"heading.default\">\n\t\t\t\t<div class=\"elementor-widget-container\">\n\t\t\t\t\t<h2 class=\"elementor-heading-title elementor-size-default\">Proje...<\/h2>\t\t\t\t<\/div>\n\t\t\t\t<\/div>\n\t\t\t\t\t<\/div>\n\t\t<\/div>\n\t\t\t\t\t<\/div>\n\t\t<\/section>\n\t\t\t\t<section class=\"elementor-section elementor-top-section elementor-element elementor-element-3085d32 elementor-section-boxed elementor-section-height-default elementor-section-height-default\" data-id=\"3085d32\" data-element_type=\"section\" data-e-type=\"section\">\n\t\t\t\t\t\t<div class=\"elementor-container elementor-column-gap-default\">\n\t\t\t\t\t<div class=\"elementor-column elementor-col-50 elementor-top-column elementor-element elementor-element-bd64be4\" data-id=\"bd64be4\" data-element_type=\"column\" data-e-type=\"column\">\n\t\t\t<div class=\"elementor-widget-wrap elementor-element-populated\">\n\t\t\t\t\t\t<div class=\"elementor-element elementor-element-8dc05a8 elementor-widget elementor-widget-ct_text_box\" data-id=\"8dc05a8\" data-element_type=\"widget\" data-e-type=\"widget\" data-widget_type=\"ct_text_box.default\">\n\t\t\t\t<div class=\"elementor-widget-container\">\n\t\t\t\t\t<div class=\"ct-text-box ct-text-box-layout1 \">\r\n    <div class=\"ct-text-box-inner\">\r\n        <div class=\"item--sub-title\"><\/div>\r\n        <h3 class=\"item--title\">\r\n                    <\/h3>\r\n        <div class=\"item--description\">Proje, bilinen bir biti\u015f tarihi olan ge\u00e7ici g\u00f6revdir. \u00d6rne\u011fin bir ev in\u015fa etmek, bir yaz\u0131l\u0131m geli\u015ftirmek, bir \u00fcr\u00fcn\u00fc piyasa s\u00fcrmek veya y\u00fckl\u00fc miktarda bir sat\u0131n alma i\u015flemi ger\u00e7ekle\u015ftirmek de birer projedir. Bir \u00fcr\u00fcn ya da hizmet geli\u015ftirmek d\u0131\u015f\u0131nda bir organizasyonda ger\u00e7ekle\u015ftirilecek yap\u0131sal de\u011fi\u015fiklikler, \u00e7al\u0131\u015fma \u015fekildeki d\u00fczenleme ya da farkl\u0131 prosed\u00fcrlerin d\u00fczenlenmesi de proje olarak de\u011ferlendirilebilir. \u00d6l\u00e7e\u011fi, b\u00fct\u00e7esi, yap\u0131m s\u00fcresi farkl\u0131 olsa da benzer i\u015f s\u00fcre\u00e7lerine sahip bu g\u00f6revler belli temel \u00f6zellikler ta\u015f\u0131r. Literat\u00fcrde bir\u00e7ok tan\u0131m\u0131 olsa da proje kavram\u0131n\u0131 basit\u00e7e \u201c\u00f6zel bir amaca ula\u015fmak i\u00e7in ger\u00e7ekle\u015ftirilen ge\u00e7ici \u00e7al\u0131\u015fma\u201d olarak tan\u0131mlanabilir.\n\nProjelerin karakteristi\u011fine bakacak olursak tek bir ki\u015fi veya kalabal\u0131k bir ekip, bir ya da daha fazla organizasyon taraf\u0131ndan y\u00fcr\u00fct\u00fclebildi\u011fini g\u00f6rmekteyiz. Ba\u015flang\u0131c\u0131 ve sonu belli bir zaman dilimi i\u00e7inde ve ge\u00e7ici olarak y\u00fcr\u00fct\u00fcl\u00fcr. \u00c7o\u011funlukla bir ihtiya\u00e7tan do\u011fan ve bu ihtiyac\u0131 kar\u015f\u0131lamay\u0131 hedefleyen projelerde, her bir problem \u00e7\u00f6z\u00fclmesi gereken bir hedef, her hedefte faaliyetler olarak arac\u0131l\u0131\u011f\u0131yla ger\u00e7ekle\u015ftirilir. Faaliyetler ad\u0131m ad\u0131m ger\u00e7ekle\u015ftik\u00e7e projenin as\u0131l amac\u0131na hizmet edecek \u015fekilde planlanm\u0131\u015f ve neden sonu\u00e7 ba\u011flam\u0131nda ili\u015fkilendirilmi\u015ftir. Y\u00fcr\u00fct\u00fclen faaliyetler boyunca projeyle ilgili taraflar net \u015fekilde tan\u0131mlanm\u0131\u015f, payda\u015flar ve y\u00fck\u00fcml\u00fcl\u00fckleri belirlemi\u015ftir. Projeler kendilerine ayr\u0131lan b\u00fct\u00e7e ve insan kaynaklar\u0131n\u0131 do\u011fru \u015fekilde kullanarak \u00f6zg\u00fcn \u00e7\u0131kt\u0131lara ula\u015fmaktad\u0131r. Her ne kadar projelerin \u2018bir kereli\u011fine\u2019 oldu\u011fu her tan\u0131mda vurgulansa da bu bir projenin tamamland\u0131ktan sonra sonu\u00e7lar\u0131n\u0131n s\u00fcrd\u00fcrebilirli\u011fine verilen \u00f6nemi azaltmaz.  Proje planlan\u0131rken s\u00fcrd\u00fcr\u00fclebilirlik i\u00e7in ger\u00e7ekle\u015ftirilecek faaliyetlere yer verilmektedir.<\/div>\r\n            <\/div>\r\n<\/div>\t\t\t\t<\/div>\n\t\t\t\t<\/div>\n\t\t\t\t\t<\/div>\n\t\t<\/div>\n\t\t\t\t<div class=\"elementor-column elementor-col-50 elementor-top-column elementor-element elementor-element-f65ec41\" data-id=\"f65ec41\" data-element_type=\"column\" data-e-type=\"column\">\n\t\t\t<div class=\"elementor-widget-wrap elementor-element-populated\">\n\t\t\t\t\t\t<div class=\"elementor-element elementor-element-4193af1 elementor-widget elementor-widget-html\" data-id=\"4193af1\" data-element_type=\"widget\" data-e-type=\"widget\" data-widget_type=\"html.default\">\n\t\t\t\t<div class=\"elementor-widget-container\">\n\t\t\t\t\t<iframe src=\"https:\/\/pdo.atauni.edu.tr\/proje-fikri-dinleme\/basvuruformu.php\" name=\"frame1\" scrolling=\"auto\" width=\"600px\" height=\"2400px\" frameborder=\"yes\" align=\"middle\"><\/iframe>\t\t\t\t<\/div>\n\t\t\t\t<\/div>\n\t\t\t\t\t<\/div>\n\t\t<\/div>\n\t\t\t\t\t<\/div>\n\t\t<\/section>\n\t\t\t\t<\/div>\n\t\t","protected":false},"excerpt":{"rendered":"<p>Proje&#8230; Proje, bilinen bir biti\u015f tarihi olan ge\u00e7ici g\u00f6revdir. \u00d6rne\u011fin bir ev in\u015fa etmek, bir yaz\u0131l\u0131m geli\u015ftirmek, bir \u00fcr\u00fcn\u00fc piyasa s\u00fcrmek veya y\u00fckl\u00fc miktarda bir sat\u0131n alma i\u015flemi ger\u00e7ekle\u015ftirmek de birer projedir. Bir \u00fcr\u00fcn ya da hizmet geli\u015ftirmek d\u0131\u015f\u0131nda bir organizasyonda ger\u00e7ekle\u015ftirilecek yap\u0131sal de\u011fi\u015fiklikler, \u00e7al\u0131\u015fma \u015fekildeki d\u00fczenleme ya da farkl\u0131 prosed\u00fcrlerin d\u00fczenlenmesi de proje olarak [&hellip;]<\/p>\n","protected":false},"author":1,"featured_media":0,"parent":0,"menu_order":0,"comment_status":"closed","ping_status":"closed","template":"","meta":{"footnotes":""},"class_list":["post-4906","page","type-page","status-publish","hentry"],"_links":{"self":[{"href":"http:\/\/pdo.atauni.edu.tr\/index.php\/wp-json\/wp\/v2\/pages\/4906","targetHints":{"allow":["GET"]}}],"collection":[{"href":"http:\/\/pdo.atauni.edu.tr\/index.php\/wp-json\/wp\/v2\/pages"}],"about":[{"href":"http:\/\/pdo.atauni.edu.tr\/index.php\/wp-json\/wp\/v2\/types\/page"}],"author":[{"embeddable":true,"href":"http:\/\/pdo.atauni.edu.tr\/index.php\/wp-json\/wp\/v2\/users\/1"}],"replies":[{"embeddable":true,"href":"http:\/\/pdo.atauni.edu.tr\/index.php\/wp-json\/wp\/v2\/comments?post=4906"}],"version-history":[{"count":25,"href":"http:\/\/pdo.atauni.edu.tr\/index.php\/wp-json\/wp\/v2\/pages\/4906\/revisions"}],"predecessor-version":[{"id":7139,"href":"http:\/\/pdo.atauni.edu.tr\/index.php\/wp-json\/wp\/v2\/pages\/4906\/revisions\/7139"}],"wp:attachment":[{"href":"http:\/\/pdo.atauni.edu.tr\/index.php\/wp-json\/wp\/v2\/media?parent=4906"}],"curies":[{"name":"wp","href":"https:\/\/api.w.org\/{rel}","templated":true}]}}