{"id":4862,"date":"2020-08-20T10:44:03","date_gmt":"2020-08-20T07:44:03","guid":{"rendered":"http:\/\/pdo.atauni.edu.tr\/?page_id=4862"},"modified":"2020-09-16T14:21:20","modified_gmt":"2020-09-16T11:21:20","slug":"s-s-s","status":"publish","type":"page","link":"https:\/\/pdo.atauni.edu.tr\/index.php\/s-s-s\/","title":{"rendered":"S.S.S."},"content":{"rendered":"\t\t<div data-elementor-type=\"wp-page\" data-elementor-id=\"4862\" class=\"elementor elementor-4862\" data-elementor-post-type=\"page\">\n\t\t\t\t\t\t<section class=\"elementor-section elementor-top-section elementor-element elementor-element-5f463d4 elementor-section-boxed elementor-section-height-default elementor-section-height-default\" data-id=\"5f463d4\" data-element_type=\"section\" data-e-type=\"section\">\n\t\t\t\t\t\t<div class=\"elementor-container elementor-column-gap-default\">\n\t\t\t\t\t<div class=\"elementor-column elementor-col-100 elementor-top-column elementor-element elementor-element-7b1dba8\" data-id=\"7b1dba8\" data-element_type=\"column\" data-e-type=\"column\">\n\t\t\t<div class=\"elementor-widget-wrap elementor-element-populated\">\n\t\t\t\t\t\t<div class=\"elementor-element elementor-element-b6fe752 elementor-widget elementor-widget-text-editor\" data-id=\"b6fe752\" data-element_type=\"widget\" data-e-type=\"widget\" data-widget_type=\"text-editor.default\">\n\t\t\t\t<div class=\"elementor-widget-container\">\n\t\t\t\t\t\t\t\t\t<p><\/p>\n<p><strong>Proje Ofisi\u2019nin \u00e7al\u0131\u015fma \u015feklinden ve yap\u0131s\u0131ndan bahsedebilir misiniz?<\/strong><\/p>\n<p><\/p>\n<p>Ofisimiz gerek y\u00f6netimin deste\u011fi gerekse \u00fcniversitemizde proje konusunda deneyimli akademisyenlerin y\u00fcr\u00fctme kurulumuzdaki de\u011ferli katk\u0131lar\u0131 ve ofis ekibimizin \u00f6zverili \u00e7al\u0131\u015fmalar\u0131yla mevcut kapasitesinin \u00fczerinde \u00dcniversitemizi yenilik\u00e7i giri\u015fimci \u00fcniversiteler listesinde \u00fcst s\u0131ralara \u00e7\u0131karmak i\u00e7in \u00e7al\u0131\u015f\u0131yor. Koordinat\u00f6r olarak ben ve yard\u0131mc\u0131lar\u0131m, derslerimizin d\u0131\u015f\u0131ndaki zamanlarda s\u00fcrekli ofisteyiz. Ofisimizde d\u00f6rt tane proje uzman\u0131 arkada\u015f\u0131m\u0131z, teknik destek verebilmek i\u00e7in haz\u0131rd\u0131rlar. Y\u00fcr\u00fctme kurulumuzla aktif olarak gerekti\u011finde ve d\u00fczenli olarak her per\u015fembe toplan\u0131yoruz ve bize ba\u015fvuran projelere bilimsel destek ba\u015fata olmak \u00fczere t\u00fcm konularda i\u00e7in panel d\u00fczenliyoruz. Ayr\u0131ca her fak\u00fclteden en az bir dan\u0131\u015fma kurulu \u00fcyemiz var bu arkada\u015flar\u0131m\u0131z akademisyenleri ofisin faaliyetlerini anlatarak proje geli\u015ftirmek i\u00e7in bizimle irtibat halindeler.<\/p>\n<p><strong>&nbsp;<\/strong><strong style=\"color: inherit; font-family: inherit; letter-spacing: 0px;\">Proje Ofisinin gelecekteki konumu nas\u0131l de\u011ferlendiriyorsunuz?<\/strong><\/p>\n<p><\/p>\n<p>Uzun vadedeki plan\u0131m\u0131z \u00dcniversitemizin projeler alan\u0131nda s\u0131\u00e7ray\u0131\u015fa ula\u015fmas\u0131n\u0131 sa\u011flamak. Bu do\u011frultuda gelecekte akademisyenlerimizin b\u00fcy\u00fck bir oran\u0131na proje yazma e\u011fitimleri vermi\u015f olmay\u0131, \u00fcniversitemizde ayn\u0131 anda onlarca projenin y\u00fcr\u00fcrl\u00fckte olmas\u0131n\u0131 sa\u011flamay\u0131 ve sonraki a\u015famada onlar\u0131n b\u00fct\u00e7elerini idare eden, yaz\u0131\u015fmalar\u0131n\u0131 ve evrak i\u015flerini y\u00fcr\u00fcten, proje yapan akademisyenlerin i\u015flerini kolayla\u015ft\u0131ran bir yap\u0131ya d\u00f6n\u00fc\u015fmeyi umuyoruz.<\/p>\n<p><strong>&nbsp;<\/strong><strong style=\"color: inherit; font-family: inherit; letter-spacing: 0px;\">\u00d6zellikle hi\u00e7 proje yazmayan akademisyenler i\u00e7in proje yapmak genellikle zordur. Peki, proje ofisi akademisyenlere nas\u0131l destek oluyor?<\/strong><\/p>\n<p><\/p>\n<p>Bizim kar\u015f\u0131la\u015ft\u0131\u011f\u0131m\u0131z en b\u00fcy\u00fck sorun bu. Hi\u00e7 proje yazmam\u0131\u015f akademisyenlerin b\u00f6yle bir \u00e7ekincesi var. K\u0131saca ifade etmek gerekirse her fikrin proje olma ihtimali vard\u0131r asl\u0131nda. Akademik personelimiz fikirlerini biraz geni\u015fleterek ve bizimle payla\u015farak \u00e7ok prestijli projeler \u00e7\u0131karabilirler. Bunun i\u00e7in akademisyenlerimizden fikirleriyle birlikte ofisimize u\u011framalar\u0131n\u0131 bekliyoruz. Olur, mu olmaz m\u0131, nas\u0131l geni\u015fletilmeli neler \u00e7\u0131kar\u0131lmal\u0131 \u015feklinde ekibimizle isti\u015fare yaparak y\u00f6nlendirmeye \u00e7al\u0131\u015f\u0131yoruz.<\/p>\n<p><strong>&nbsp;<\/strong><strong style=\"color: inherit; font-family: inherit; letter-spacing: 0px;\">Hedefleriniz aras\u0131nda \u00dcniversite Sanayi i\u015fbirli\u011fini art\u0131rmak da var. Bunun i\u00e7in ne gibi ad\u0131mlar att\u0131n\u0131z, neler yapmay\u0131 planl\u0131yorsunuz?<\/strong><\/p>\n<p>Bu k\u0131s\u0131m ger\u00e7ekten \u00e7ok \u00f6nemli. \u00c7\u00fcnk\u00fc art\u0131k yaln\u0131zca bilgiyi \u00fcreten, ara\u015ft\u0131rmalar yapan de\u011fil; teknolojiler geli\u015ftiren uygulamalar y\u00fcr\u00fcten \u201c3. NES\u0130L \u00dcN\u0130VERS\u0130TE\u201d olma yolunda ilerlemek i\u00e7in bu t\u00fcrden i\u015fbirlikleri sa\u011flamam\u0131z gerekiyor. Gerekli alt yap\u0131y\u0131 olu\u015fturmaya \u00e7al\u0131\u015f\u0131yoruz. Bu arada kurdu\u011fumuz ba\u011flant\u0131lar i\u015fe d\u00f6n\u00fc\u015fmeye ba\u015flad\u0131 bile. \u00d6rne\u011fin ge\u00e7ti\u011fimiz ayda KOSGEB vas\u0131tas\u0131yla bizlere ula\u015fan bir esnaf\u0131m\u0131z\u0131n fikrini projelendiriyoruz. Patent de\u011feri de olan halk\u0131n ihtiya\u00e7lar\u0131n\u0131 giderecek belki de \u00e7ok verimli bir uygulama olacak.<\/p>\n<p><strong>&nbsp;<\/strong><strong style=\"color: inherit; font-family: inherit; letter-spacing: 0px;\">Akademisyenler size ne zaman gelmeli?<\/strong><\/p>\n<p>\u201cBir fikrim var proje olur mu?\u201d&nbsp; sorusundan itibaren ofisimize gelerek Teknik Destek alabilirler. Burada proje alan\u0131nda deneyimli uzman ekibimizle g\u00f6r\u00fc\u015ferek fikrinizin projeye d\u00f6n\u00fc\u015f\u00fcp d\u00f6n\u00fc\u015fmeyece\u011fi, T\u00fcbitak m\u0131, Bakanl\u0131k ve Ajanslar m\u0131, AB mi yoksa ba\u015fka fon kurulu\u015fu mu olabilece\u011fi konular\u0131nda bilgi alabilirler. Daha \u00f6nceden iade ve ret edilmi\u015f veya yeni yaz\u0131lm\u0131\u015f projeleri varsa onlar i\u00e7in de panel talep edebilirler.<\/p>\n<p><strong>T\u00fcbitak, Bakanl\u0131k ve Ajanslar\u2019\u0131n proje formatlar\u0131 ve \u00f6ncelikleri farkl\u0131 farkl\u0131 olmas\u0131na ra\u011fmen bunlara ayn\u0131 anda nas\u0131l destek verebiliyorsunuz?<\/strong><\/p>\n<p>Ekibimiz bu anlamda ger\u00e7ekten donan\u0131ml\u0131 akademisyenlerden olu\u015fuyor. Farkl\u0131 alanlarda bir\u00e7ok proje y\u00fcr\u00fctm\u00fc\u015f panellere kat\u0131lm\u0131\u015f projeyi de\u011ferlendirebilme yetenekleri y\u00fcksek arkada\u015flar\u0131m\u0131zdan olu\u015fuyor. &nbsp;Gerekti\u011finde projeler panel deste\u011fi veren kurulumuz d\u0131\u015f\u0131nda d\u0131\u015fardan panelist alarak yard\u0131m edebiliyoruz. Sonu\u00e7ta alan\u0131 ne olursa olsun bir fikri proje yapan onun \u00f6zg\u00fcn de\u011feri, yayg\u0131n etkisi, kapsam\u0131 ve ekibidir diyebiliriz.<\/p>\n<p><\/p>\n<p><strong>\u00dcniversitemizde proje say\u0131lar\u0131n\u0131n art\u0131rtmas\u0131 i\u00e7in neler yap\u0131yorsunuz?<\/strong><\/p>\n<p><\/p>\n<p>Web sitemizde (pdo.atauni.edu.tr) proje yazmak isteyen bir akademisyenin arad\u0131\u011f\u0131 her \u015feyi derlemeye \u00e7al\u0131\u015ft\u0131k. S\u00fcrekli a\u00e7\u0131k \u00e7a\u011fr\u0131lar, son teslim tarihli \u00e7a\u011fr\u0131lar, fon kaynaklar\u0131 ve dahas\u0131.&nbsp; T\u00fcm yeni haberleri de muhakkak e-mail olarak duyuruyoruz. Tan\u0131t\u0131m konferanslar\u0131 d\u00fczenliyoruz. Bunlarla yetinmeyip tek tek fak\u00fclteleri ziyaret ederek akademisyenlere proje yazarken onlara nas\u0131l yard\u0131mc\u0131 olabilece\u011fimizi anlat\u0131yoruz. Yeri gelmi\u015fken baz\u0131 fak\u00fcltelerimizdeki kat\u0131l\u0131m\u0131n g\u00f6z doldurucu baz\u0131 fak\u00fcltelerimizde ise kat\u0131l\u0131m\u0131n yetersiz oldu\u011funu da s\u00f6ylemek isterim. Ancak bunlar bizim motivasyonumuzu olumsuz etkilemiyor. \u00c7\u00fcnk\u00fc amac\u0131m\u0131z ger\u00e7ekten akademisyenleri projeler i\u00e7in harekete ge\u00e7irmek ve bu konuda fark\u0131ndal\u0131k olu\u015fturmak. \u015eimdiye kadar altm\u0131\u015f akademisyene proje yazma e\u011fitimi verdik, yeni e\u011fitimler de planlan\u0131yor. Bu proje yazma e\u011fitimleri \u00f6yle d\u00fcz anlat\u0131m \u015feklinde de\u011fil. \u00c7al\u0131\u015ftay d\u00fczenliyoruz.&nbsp;<\/p>\n<p><strong>&nbsp;Proje ofisiyle \u00e7al\u0131\u015fman\u0131n akademisyenlere neler kataca\u011f\u0131n\u0131 d\u00fc\u015f\u00fcn\u00fcyorsunuz?<\/strong><\/p>\n<p><\/p>\n<p>En basitinden \u015f\u00f6yle bir \u00f6rnek vereyim: fon kurulu\u015flar\u0131na giden \u00e7ok iyi projelerin iade ve ret sebepleri aras\u0131nda ilk s\u0131rada \u201c eksik evrak, belge ve imza\u201d geliyor. Bu \u00e7ok \u00fcz\u00fcc\u00fc. Bir proje ger\u00e7ekten kolay yaz\u0131lm\u0131yor \u00e7ok ciddi bir emek ve zaman demek. Ancak insanlar proje yazman\u0131n tela\u015f\u0131yla \u00e7ok basit detaylar y\u00fcz\u00fcnden de\u011ferlendirilmeye bile al\u0131nmadan reddedilen projeler y\u00fcz\u00fcnden proje yapma fikrine k\u00fcs\u00fcyorlar. Bir ba\u015fka \u00f6rnek mesela program\u0131n alt limiti 500 Bin \u20ac kadar. Ancak hocam\u0131z bunu fark etmemi\u015f 497 Bin \u20ac b\u00fct\u00e7e ile projesini g\u00f6ndermi\u015f. Haliyle de\u011ferlendirmeye bile al\u0131nmam\u0131\u015f. Oysa bu \u00e7al\u0131\u015fma \u00f6nce ofisimize gelmi\u015f olsayd\u0131, panele bile girmeden teknik ekibimiz taraf\u0131ndan bu uyar\u0131 yap\u0131l\u0131rd\u0131. Bu \u00e7al\u0131\u015fmalar\u0131n bir de panel sisteminden faydaland\u0131\u011f\u0131n\u0131 d\u00fc\u015f\u00fcn\u00fcn. Panel raporlar\u0131 projelerin, en az sekiz proje uzman\u0131 g\u00f6z taraf\u0131ndan \u00f6zenle de\u011ferlendirdi\u011fi kaliteli ve yenilik\u00e7i \u00f6nerilerin getirildi\u011fi bilimsel bir mecra. Proje ofisiyle \u00e7al\u0131\u015fmak, proje yapmak isteyen akademisyenin zaman\u0131n\u0131n ve eme\u011finin bo\u015fa gitmesini \u00f6nleyece\u011fi gibi \u00e7al\u0131\u015fmas\u0131na da muhakkak bir de\u011fer katacakt\u0131r. Bu y\u00fczden t\u00fcm akademisyenleri projeleri i\u00e7in ofisimize bekliyoruz.<\/p>\n<p><\/p>\n<p><strong>Panel sisteminden \u00e7ok bahsettik. Peki, panel sistemi nedir? Panel nas\u0131l kurulur, panel ne i\u015fe yarar? Her akademisyen panel sisteminden faydalanabilir mi?<\/strong><\/p>\n<p><\/p>\n<p>Akademisyenlerin ofisimize gelerek ya da web sitemizdeki formlar men\u00fcs\u00fcnde yer alan \u201cproje destek formunu\u201d doldurarak yazd\u0131klar\u0131 proje i\u00e7in teknik ve bilimsel destek talep etmeleri gerekiyor. Sonra ba\u015fvurulan fon kurulu\u015funun talep etti\u011fi formatta haz\u0131rlan\u0131p haz\u0131rlanmad\u0131\u011f\u0131 bir \u00f6n de\u011ferlendirmeden ge\u00e7iyor. Uygun formatta haz\u0131rlanm\u0131\u015f projeler i\u00e7in panel d\u00fczenleniyor. Panel ekibi fark\u0131 disiplinlerde g\u00f6rev alan ve farkl\u0131 fon kurulu\u015flar\u0131n\u0131n (T\u00dcB\u0130TAK, Bakanl\u0131klar gibi) destekledi\u011fi proje deneyimine sahip 8 adet akademisyenden olu\u015fuyor. Ayr\u0131ca proje konusu \u00f6zel bir \u00e7al\u0131\u015fma deneyimine sahip bir de\u011ferlendirmesi gerektiriyorsa, bir veya iki adet d\u0131\u015f panelist ilgili panele davet ediliyor.<\/p>\n<p>Projeler ba\u015fvuru formlar\u0131n\u0131n uygun formatta olu\u015fu, ama\u00e7, hedef, \u00f6zg\u00fcn de\u011fer, yayg\u0131n etki, proje ekibi ve b\u00fct\u00e7enin uygunlu\u011fu gibi kriterler de g\u00f6z \u00fcn\u00fcnde bulundurularak de\u011ferlendiriliyor. Projelere ele\u015ftirel okuma yap\u0131l\u0131yor.&nbsp;<span style=\"color: inherit; font-family: inherit; font-weight: inherit; letter-spacing: 0px;\">Paneller etik ve gizlilik ilkeleri kapsam\u0131nda d\u00fczenleniyor. T\u00fcm panelistler, panele girmeden \u00f6nce proje fikrinin korunma alt\u0131na oldu\u011funu ve kesinlikle panel bittikten projeye dair hi\u00e7bir verinin payla\u015f\u0131lmayaca\u011f\u0131n\u0131 taahh\u00fct eden bir metin imzal\u0131yor.<\/span><\/p>\n<p>T\u00fcm bu a\u015famalar tamamland\u0131ktan sonra, olu\u015fturulan rapor en k\u0131sa zamanda proje y\u00fcr\u00fct\u00fcc\u00fcs\u00fcne sunuluyor. Beraber kritik ediliyor. Tabii bunlar \u00f6neri niteli\u011finde, takdir y\u00fcr\u00fct\u00fcc\u00fcn\u00fcn.<\/p>\n<p><br><\/p>\t\t\t\t\t\t\t\t<\/div>\n\t\t\t\t<\/div>\n\t\t\t\t\t<\/div>\n\t\t<\/div>\n\t\t\t\t\t<\/div>\n\t\t<\/section>\n\t\t\t\t<\/div>\n\t\t","protected":false},"excerpt":{"rendered":"<p>Proje Ofisi\u2019nin \u00e7al\u0131\u015fma \u015feklinden ve yap\u0131s\u0131ndan bahsedebilir misiniz? Ofisimiz gerek y\u00f6netimin deste\u011fi gerekse \u00fcniversitemizde proje konusunda deneyimli akademisyenlerin y\u00fcr\u00fctme kurulumuzdaki de\u011ferli katk\u0131lar\u0131 ve ofis ekibimizin \u00f6zverili \u00e7al\u0131\u015fmalar\u0131yla mevcut kapasitesinin \u00fczerinde \u00dcniversitemizi yenilik\u00e7i giri\u015fimci \u00fcniversiteler listesinde \u00fcst s\u0131ralara \u00e7\u0131karmak i\u00e7in \u00e7al\u0131\u015f\u0131yor. Koordinat\u00f6r olarak ben ve yard\u0131mc\u0131lar\u0131m, derslerimizin d\u0131\u015f\u0131ndaki zamanlarda s\u00fcrekli ofisteyiz. Ofisimizde d\u00f6rt tane proje uzman\u0131 [&hellip;]<\/p>\n","protected":false},"author":1,"featured_media":0,"parent":0,"menu_order":0,"comment_status":"closed","ping_status":"closed","template":"","meta":{"footnotes":""},"class_list":["post-4862","page","type-page","status-publish","hentry"],"_links":{"self":[{"href":"https:\/\/pdo.atauni.edu.tr\/index.php\/wp-json\/wp\/v2\/pages\/4862","targetHints":{"allow":["GET"]}}],"collection":[{"href":"https:\/\/pdo.atauni.edu.tr\/index.php\/wp-json\/wp\/v2\/pages"}],"about":[{"href":"https:\/\/pdo.atauni.edu.tr\/index.php\/wp-json\/wp\/v2\/types\/page"}],"author":[{"embeddable":true,"href":"https:\/\/pdo.atauni.edu.tr\/index.php\/wp-json\/wp\/v2\/users\/1"}],"replies":[{"embeddable":true,"href":"https:\/\/pdo.atauni.edu.tr\/index.php\/wp-json\/wp\/v2\/comments?post=4862"}],"version-history":[{"count":3,"href":"https:\/\/pdo.atauni.edu.tr\/index.php\/wp-json\/wp\/v2\/pages\/4862\/revisions"}],"predecessor-version":[{"id":5606,"href":"https:\/\/pdo.atauni.edu.tr\/index.php\/wp-json\/wp\/v2\/pages\/4862\/revisions\/5606"}],"wp:attachment":[{"href":"https:\/\/pdo.atauni.edu.tr\/index.php\/wp-json\/wp\/v2\/media?parent=4862"}],"curies":[{"name":"wp","href":"https:\/\/api.w.org\/{rel}","templated":true}]}}