{"id":4876,"date":"2020-08-20T10:46:59","date_gmt":"2020-08-20T07:46:59","guid":{"rendered":"http:\/\/pdo.atauni.edu.tr\/?page_id=4876"},"modified":"2022-11-10T16:09:08","modified_gmt":"2022-11-10T13:09:08","slug":"birebir-mentorlu-proje-yazdirma","status":"publish","type":"page","link":"https:\/\/pdo.atauni.edu.tr\/index.php\/birebir-mentorlu-proje-yazdirma\/","title":{"rendered":"Birebir Ment\u00f6rl\u00fc Proje Yazd\u0131rma"},"content":{"rendered":"\t\t<div data-elementor-type=\"wp-page\" data-elementor-id=\"4876\" class=\"elementor elementor-4876\" data-elementor-post-type=\"page\">\n\t\t\t\t\t\t<section class=\"elementor-section elementor-top-section elementor-element elementor-element-3e9d72a elementor-section-boxed elementor-section-height-default elementor-section-height-default\" data-id=\"3e9d72a\" data-element_type=\"section\" data-e-type=\"section\">\n\t\t\t\t\t\t<div class=\"elementor-container elementor-column-gap-default\">\n\t\t\t\t\t<div class=\"elementor-column elementor-col-100 elementor-top-column elementor-element elementor-element-26e967c\" data-id=\"26e967c\" data-element_type=\"column\" data-e-type=\"column\">\n\t\t\t<div class=\"elementor-widget-wrap elementor-element-populated\">\n\t\t\t\t\t\t<div class=\"elementor-element elementor-element-4ad13bd elementor-widget elementor-widget-ct_text_box\" data-id=\"4ad13bd\" data-element_type=\"widget\" data-e-type=\"widget\" data-widget_type=\"ct_text_box.default\">\n\t\t\t\t<div class=\"elementor-widget-container\">\n\t\t\t\t\t<div class=\"ct-text-box ct-text-box-layout1 \">\r\n    <div class=\"ct-text-box-inner\">\r\n        <div class=\"item--sub-title\">Ment\u00f6rl\u00fck deste\u011fi ki\u015finin kariyerini ve ki\u015fisel geli\u015fimini kolayla\u015ft\u0131rmaktad\u0131r. Bu kapsamda akademisyenlerin ara\u015ft\u0131rma ve geli\u015ftirmeye (Ar-Ge) y\u00f6nelik proje yazma s\u00fcrecini \u00f6\u011frenmeleri ve kendilerini geli\u015ftirmeleri a\u00e7\u0131s\u0131ndan ment\u00f6rl\u00fck deste\u011fi \u00f6nem arz etmektedir. Bu \u00e7al\u0131\u015fman\u0131n amac\u0131, ment\u00f6r destekli ara\u015ft\u0131rma ve geli\u015ftirme proje yazma e\u011fitimi s\u00fcrecinde ya\u015fanan problemlerin belirlenmesi ve bu problemlere y\u00f6nelik \u00e7\u00f6z\u00fcm \u00f6nerilerinin sunulmas\u0131d\u0131r.<\/div>\r\n        <h3 class=\"item--title\">\r\n            Ment\u00f6rl\u00fck, daha bilgili ve tecr\u00fcbeli bir ki\u015finin, tecr\u00fcbesiz veya daha az tecr\u00fcbeli bir ki\u015fiyi \u00f6\u011frenmeye \u00f6zendirdi\u011fi, destekleyici rol \u00fcstlendi\u011fi ve de\u011ferlendirdi\u011fi resmi bir s\u00fcre\u00e7tir.         <\/h3>\r\n        <div class=\"item--description\"><\/div>\r\n            <\/div>\r\n<\/div>\t\t\t\t<\/div>\n\t\t\t\t<\/div>\n\t\t\t\t\t<\/div>\n\t\t<\/div>\n\t\t\t\t\t<\/div>\n\t\t<\/section>\n\t\t\t\t<section class=\"elementor-section elementor-top-section elementor-element elementor-element-33299e7 elementor-section-boxed elementor-section-height-default elementor-section-height-default\" data-id=\"33299e7\" data-element_type=\"section\" data-e-type=\"section\">\n\t\t\t\t\t\t<div class=\"elementor-container elementor-column-gap-default\">\n\t\t\t\t\t<div class=\"elementor-column elementor-col-100 elementor-top-column elementor-element elementor-element-ead5d37\" data-id=\"ead5d37\" data-element_type=\"column\" data-e-type=\"column\">\n\t\t\t<div class=\"elementor-widget-wrap elementor-element-populated\">\n\t\t\t\t\t\t<div class=\"elementor-element elementor-element-c835412 elementor-widget elementor-widget-ct_text_editor\" data-id=\"c835412\" data-element_type=\"widget\" data-e-type=\"widget\" data-widget_type=\"ct_text_editor.default\">\n\t\t\t\t<div class=\"elementor-widget-container\">\n\t\t\t\t\t<div id=\"ct_text_editor-c835412\" class=\"ct-text-editor \">\n\t<div class=\"ct-inline-css\"  data-css=\"\n        \">\n    <\/div>\n\t<div class=\"ct-text-editor elementor-clearfix\"><\/div>\n<\/div>\t\t\t\t<\/div>\n\t\t\t\t<\/div>\n\t\t\t\t<div class=\"elementor-element elementor-element-c267fe3 elementor-widget elementor-widget-text-editor\" data-id=\"c267fe3\" data-element_type=\"widget\" data-e-type=\"widget\" data-widget_type=\"text-editor.default\">\n\t\t\t\t<div class=\"elementor-widget-container\">\n\t\t\t\t\t\t\t\t\t<h6><span style=\"letter-spacing: 0px;\">&nbsp;<\/span><br><\/h6>\n<h6>Ment\u00f6r talebinde bulunmak i\u00e7in l\u00fctfen&nbsp;<a href=\"http:\/\/pdo.atauni.edu.tr\/wp-admin\/post.php?post=4910&amp;action=elementor\">t\u0131klay\u0131n\u0131z.<\/a><\/h6>\n<p><\/p>\t\t\t\t\t\t\t\t<\/div>\n\t\t\t\t<\/div>\n\t\t\t\t\t<\/div>\n\t\t<\/div>\n\t\t\t\t\t<\/div>\n\t\t<\/section>\n\t\t\t\t<\/div>\n\t\t","protected":false},"excerpt":{"rendered":"<p>Ment\u00f6rl\u00fck deste\u011fi ki\u015finin kariyerini ve ki\u015fisel geli\u015fimini kolayla\u015ft\u0131rmaktad\u0131r. Bu kapsamda akademisyenlerin ara\u015ft\u0131rma ve geli\u015ftirmeye (Ar-Ge) y\u00f6nelik proje yazma s\u00fcrecini \u00f6\u011frenmeleri ve kendilerini geli\u015ftirmeleri a\u00e7\u0131s\u0131ndan ment\u00f6rl\u00fck deste\u011fi \u00f6nem arz etmektedir. Bu \u00e7al\u0131\u015fman\u0131n amac\u0131, ment\u00f6r destekli ara\u015ft\u0131rma ve geli\u015ftirme proje yazma e\u011fitimi s\u00fcrecinde ya\u015fanan problemlerin belirlenmesi ve bu problemlere y\u00f6nelik \u00e7\u00f6z\u00fcm \u00f6nerilerinin sunulmas\u0131d\u0131r. Ment\u00f6rl\u00fck, daha bilgili ve [&hellip;]<\/p>\n","protected":false},"author":1,"featured_media":0,"parent":0,"menu_order":0,"comment_status":"closed","ping_status":"closed","template":"","meta":{"footnotes":""},"class_list":["post-4876","page","type-page","status-publish","hentry"],"_links":{"self":[{"href":"https:\/\/pdo.atauni.edu.tr\/index.php\/wp-json\/wp\/v2\/pages\/4876","targetHints":{"allow":["GET"]}}],"collection":[{"href":"https:\/\/pdo.atauni.edu.tr\/index.php\/wp-json\/wp\/v2\/pages"}],"about":[{"href":"https:\/\/pdo.atauni.edu.tr\/index.php\/wp-json\/wp\/v2\/types\/page"}],"author":[{"embeddable":true,"href":"https:\/\/pdo.atauni.edu.tr\/index.php\/wp-json\/wp\/v2\/users\/1"}],"replies":[{"embeddable":true,"href":"https:\/\/pdo.atauni.edu.tr\/index.php\/wp-json\/wp\/v2\/comments?post=4876"}],"version-history":[{"count":20,"href":"https:\/\/pdo.atauni.edu.tr\/index.php\/wp-json\/wp\/v2\/pages\/4876\/revisions"}],"predecessor-version":[{"id":7209,"href":"https:\/\/pdo.atauni.edu.tr\/index.php\/wp-json\/wp\/v2\/pages\/4876\/revisions\/7209"}],"wp:attachment":[{"href":"https:\/\/pdo.atauni.edu.tr\/index.php\/wp-json\/wp\/v2\/media?parent=4876"}],"curies":[{"name":"wp","href":"https:\/\/api.w.org\/{rel}","templated":true}]}}