{"id":4900,"date":"2020-08-20T10:50:11","date_gmt":"2020-08-20T07:50:11","guid":{"rendered":"http:\/\/pdo.atauni.edu.tr\/?page_id=4900"},"modified":"2021-03-04T16:20:16","modified_gmt":"2021-03-04T13:20:16","slug":"guncel-sureli-cagrilar","status":"publish","type":"page","link":"https:\/\/pdo.atauni.edu.tr\/index.php\/guncel-sureli-cagrilar\/","title":{"rendered":"G\u00fcncel S\u00fcreli \u00c7a\u011fr\u0131lar"},"content":{"rendered":"\t\t<div data-elementor-type=\"wp-page\" data-elementor-id=\"4900\" class=\"elementor elementor-4900\" data-elementor-post-type=\"page\">\n\t\t\t\t\t\t<section class=\"elementor-section elementor-top-section elementor-element elementor-element-b58af0e elementor-section-boxed elementor-section-height-default elementor-section-height-default\" data-id=\"b58af0e\" data-element_type=\"section\" data-e-type=\"section\">\n\t\t\t\t\t\t<div class=\"elementor-container elementor-column-gap-default\">\n\t\t\t\t\t<div class=\"elementor-column elementor-col-100 elementor-top-column elementor-element elementor-element-f69f0d6\" data-id=\"f69f0d6\" data-element_type=\"column\" data-e-type=\"column\">\n\t\t\t<div class=\"elementor-widget-wrap elementor-element-populated\">\n\t\t\t\t\t\t<div class=\"elementor-element elementor-element-1aa1e4b elementor-invisible elementor-widget elementor-widget-ct_offer_carousel\" data-id=\"1aa1e4b\" data-element_type=\"widget\" data-e-type=\"widget\" data-settings=\"{&quot;_animation&quot;:&quot;zoomIn&quot;}\" data-widget_type=\"ct_offer_carousel.default\">\n\t\t\t\t<div class=\"elementor-widget-container\">\n\t\t\t\t\t    <div class=\"ct-offer ct-offer-carousel1 ct-slick-slider\">\r\n        <div class=\"ct-carousel-inner\">\r\n            <div class=\"ct-slick-carousel\" data-arrows=\"\" data-dots=\"\" data-pauseOnHover=\"\" data-autoplay=\"\" data-autoplaySpeed=\"5000\" data-infinite=\"\" data-speed=\"500\" data-colxs=\"1\" data-colsm=\"1\" data-colmd=\"1\" data-collg=\"1\" data-colxl=\"1\" data-dir=\"false\" data-slidesToScroll=\"1\">\r\n                                        <div class=\"slick-slide\">\r\n                            <div class=\"item--inner \">\r\n                                <div class=\"item--holder\">\r\n                                    <h4 class=\"item--title\">    \r\n                                                                            <\/h4>\r\n                                    <div class=\"item--description\">Sanayi ve Teknoloji Bakanl\u0131\u011f\u0131nca haz\u0131rlanan 2021 Y\u0131l\u0131 Cazibe Merkezlerini Destekleme Program\u0131 kapsam\u0131nda   &quot; Cazibe Merkezlerini Destekleme Program\u0131 \u00d6ncelik Alanlar\u0131&quot;  i\u00e7in proje haz\u0131rlamak isteyen akademisyenlere PDO taraf\u0131ndan destek sa\u011flanacakt\u0131r. Bizimle ileti\u015fime ge\u00e7mek i\u00e7in &quot;Proje Fikri Dinleme Formu&quot;nu doldurabilirsiniz.\n\nKUDAKA i\u00e7in son ba\u015fvuru tarihi :  25\/04\/2021\n<\/div>\r\n                                                                    <\/div>\r\n                                                                    <div class=\"item--image bg-image\" style=\"background-image: url(http:\/\/pdo.atauni.edu.tr\/wp-content\/uploads\/2021\/03\/kudaka-logo-scaled.jpg);\"><\/div>\r\n                                                           <\/div>\r\n                        <\/div>\r\n                            <\/div>\r\n        <\/div>\r\n    <\/div>\r\n\t\t\t\t<\/div>\n\t\t\t\t<\/div>\n\t\t\t\t<div class=\"elementor-element elementor-element-5c8f793 elementor-widget elementor-widget-text-editor\" data-id=\"5c8f793\" data-element_type=\"widget\" data-e-type=\"widget\" data-widget_type=\"text-editor.default\">\n\t\t\t\t<div class=\"elementor-widget-container\">\n\t\t\t\t\t\t\t\t\t<p>\u0130lgili resmi yaz\u0131y\u0131 indirmek i\u00e7in<a href=\"http:\/\/pdo.atauni.edu.tr\/wp-content\/uploads\/2021\/03\/kudaka.pdf\"> t\u0131klay\u0131n\u0131z.<\/a><\/p><p>Kudaka taraf\u0131ndan g\u00f6nderilen detayl\u0131 bilgilendirme metnini indirmek i\u00e7in <a href=\"http:\/\/pdo.atauni.edu.tr\/wp-content\/uploads\/2021\/03\/CMDP2021YiliUygulamaUsulveEsaslari.docx\">t\u0131klay\u0131n\u0131z.\u00a0\u00a0<\/a><\/p>\t\t\t\t\t\t\t\t<\/div>\n\t\t\t\t<\/div>\n\t\t\t\t<div class=\"elementor-element elementor-element-b3c2a68 elementor-widget elementor-widget-ct_download\" data-id=\"b3c2a68\" data-element_type=\"widget\" data-e-type=\"widget\" data-widget_type=\"ct_download.default\">\n\t\t\t\t<div class=\"elementor-widget-container\">\n\t\t\t\t\t    <div class=\"ct-download\">\r\n                    <div class=\"item--download\">\r\n                <a >\r\n            \t                                <span><\/span>\r\n            \t<\/a>\r\n           <\/div>\r\n            <\/div>\r\n\t\t\t\t<\/div>\n\t\t\t\t<\/div>\n\t\t\t\t\t<\/div>\n\t\t<\/div>\n\t\t\t\t\t<\/div>\n\t\t<\/section>\n\t\t\t\t<section class=\"elementor-section elementor-top-section elementor-element elementor-element-23d72e0 elementor-section-boxed elementor-section-height-default elementor-section-height-default\" data-id=\"23d72e0\" data-element_type=\"section\" data-e-type=\"section\">\n\t\t\t\t\t\t<div class=\"elementor-container elementor-column-gap-default\">\n\t\t\t\t\t<div class=\"elementor-column elementor-col-100 elementor-top-column elementor-element elementor-element-085774e\" data-id=\"085774e\" data-element_type=\"column\" data-e-type=\"column\">\n\t\t\t<div class=\"elementor-widget-wrap elementor-element-populated\">\n\t\t\t\t\t\t<div class=\"elementor-element elementor-element-8e582e4 elementor-widget elementor-widget-ct_text_editor\" data-id=\"8e582e4\" data-element_type=\"widget\" data-e-type=\"widget\" data-widget_type=\"ct_text_editor.default\">\n\t\t\t\t<div class=\"elementor-widget-container\">\n\t\t\t\t\t<div id=\"ct_text_editor-8e582e4\" class=\"ct-text-editor \">\n\t<div class=\"ct-inline-css\"  data-css=\"\n        \">\n    <\/div>\n\t<div class=\"ct-text-editor elementor-clearfix\"><h1 style=\"margin-bottom: 20px;padding: 9px 0px 9px 40px;border: 0px;vertical-align: baseline;font-size: 16px;line-height: inherit;font-family: helvetica;letter-spacing: 0.5px;background: #0095d5;color: #ffffff;height: auto;text-align: right\">(G\u00fcncelleme tarihi: 04.03.2021)<\/h1><h1 style=\"margin-bottom: 20px;font-family: helvetica;line-height: inherit;color: #ffffff;font-size: 16px;padding: 9px 0px 9px 40px;border: 0px;vertical-align: baseline;letter-spacing: 0.5px;background: #0095d5;height: auto\">T\u00dcB\u0130TAK G\u00dcNCEL S\u00dcREL\u0130 \u00c7A\u011eRI L\u0130STES\u0130<\/h1><table width=\"973\"><thead><tr><td width=\"122\"><p>Program Kodu<\/p><\/td><td width=\"354\"><p>Program Ad\u0131<\/p><\/td><td width=\"100\"><p>\u00c7a\u011fr\u0131 Ad\u0131<\/p><\/td><td width=\"81\"><p>Bilgi Notu<\/p><\/td><td width=\"133\"><p>Ba\u015fvuru Ba\u015flang\u0131\u00e7 Tarihi<\/p><\/td><td width=\"169\"><p>Ba\u015fvuru Biti\u015f Tarihi<\/p><\/td><\/tr><\/thead><tbody><tr><td><p>1001<\/p><\/td><td width=\"354\"><p>1001 &#8211; B\u0130L\u0130MSEL VE TEKNOLOJ\u0130K ARA\u015eTIRMA PROJELER\u0130N\u0130 DESTEKLEME PROGRAMI<\/p><\/td><td width=\"100\"><p>1001 (2021-1)<\/p><\/td><td width=\"81\"><p><a href=\"https:\/\/www.tubitak.gov.tr\/tr\/destekler\/akademik\/ulusal-destek-programlari\/icerik-1001-bilimsel-ve-teknolojik-arastirma-projelerini-destekleme-pr\">Bilgi Notu<\/a><\/p><\/td><td width=\"133\"><p>15.02.2021<\/p><\/td><td width=\"169\"><p>26.03.2021 23:59:00<\/p><\/td><\/tr><tr><td><p>1001 &#8211; \u00d6ZEL \u00c7A\u011eRILAR<\/p><\/td><td width=\"354\"><p>DEPREM ARA\u015eTIRMALARI \u00d6ZEL \u00c7A\u011eRISI<\/p><\/td><td width=\"100\"><p>1001 DEPREM<\/p><\/td><td width=\"81\"><p><a href=\"https:\/\/tubitak.gov.tr\/tr\/icerik-deprem-arastirmalari-cagrisi-aktif\">Bilgi Notu<\/a><\/p><\/td><td width=\"133\"><p>15.02.2021<\/p><\/td><td width=\"169\"><p>26.03.2021 23:59:00<\/p><\/td><\/tr><tr><td><p>2213-A<\/p><\/td><td width=\"354\"><p><a href=\"http:\/\/www.tubitak.gov.tr\/2213a\">2213 &#8211; A Yurt D\u0131\u015f\u0131 Doktora Burs Program\u0131 2021\/1<\/a><\/p><\/td><td width=\"100\">\u00a0<\/td><td width=\"81\">\u00a0<\/td><td width=\"133\"><p>12\/01\/2021<\/p><\/td><td width=\"169\"><p>31\/12\/2021<\/p><\/td><\/tr><tr><td><p>2247-B<\/p><\/td><td width=\"354\"><p><a href=\"http:\/\/www.tubitak.gov.tr\/tr\/burslar\/doktora-sonrasi\/arastirma-burs-programlari\/icerik-2247-b-avrupa-arastirma-konseyi-erc-projeleri-guclendirme-destegi-programi\">2247 &#8211; B European Research Council (ERC) Support Program 2021\/0<\/a><\/p><\/td><td width=\"100\">\u00a0<\/td><td width=\"81\">\u00a0<\/td><td width=\"133\"><p>04\/01\/2021<\/p><\/td><td width=\"169\"><p>31\/12\/2021<\/p><\/td><\/tr><tr><td><p>2213-B<\/p><\/td><td width=\"354\"><p><a href=\"http:\/\/www.tubitak.gov.tr\/2213b\">2213 &#8211; B Yurt D\u0131\u015f\u0131 M\u00fc\u015fterek Doktora Burs Program\u0131 2021\/1<\/a><\/p><\/td><td width=\"100\">\u00a0<\/td><td width=\"81\">\u00a0<\/td><td width=\"133\"><p>25\/01\/2021<\/p><\/td><td width=\"169\"><p>31\/12\/2021<\/p><\/td><\/tr><tr><td><p>2237-A<\/p><\/td><td width=\"354\"><p><a href=\"http:\/\/www.tubitak.gov.tr\/tr\/destekler\/bilimsel-etkinlik\/etkinlik-duzenleme-destekleri\/icerik-2237-a-bilimsel-egitim-etkinlikleri-destegi\">2237-A Bilimsel E\u011fitim Etkinlikleri Deste\u011fi Program\u0131 2021\/1<\/a><\/p><\/td><td width=\"100\">\u00a0<\/td><td width=\"81\">\u00a0<\/td><td width=\"133\"><p>22\/02\/2021<\/p><\/td><td width=\"169\"><p>19\/03\/2021<\/p><\/td><\/tr><tr><td><p>2237-B<\/p><\/td><td width=\"354\"><p><a href=\"http:\/\/www.tubitak.gov.tr\/tr\/destekler\/bilimsel-etkinlik\/etkinlik-duzenleme-destekleri\/icerik-2237-b-proje-egitimi-etkinliklerini-destekleme-programi\">2237-B Proje E\u011fitimi Etkinliklerini Destekleme Program\u0131 2021\/1<\/a><\/p><\/td><td width=\"100\">\u00a0<\/td><td width=\"81\">\u00a0<\/td><td width=\"133\"><p>22\/02\/2021<\/p><\/td><td width=\"169\"><p>19\/03\/2021<\/p><\/td><\/tr><tr><td>\u00a0<\/td><td width=\"354\">\u00a0<\/td><td width=\"100\">\u00a0<\/td><td width=\"81\">\u00a0<\/td><td width=\"133\">\u00a0<\/td><td width=\"169\">\u00a0<\/td><\/tr><\/tbody><\/table><\/div>\n<\/div>\t\t\t\t<\/div>\n\t\t\t\t<\/div>\n\t\t\t\t\t<\/div>\n\t\t<\/div>\n\t\t\t\t\t<\/div>\n\t\t<\/section>\n\t\t\t\t<section class=\"elementor-section elementor-top-section elementor-element elementor-element-490094a elementor-section-boxed elementor-section-height-default elementor-section-height-default\" data-id=\"490094a\" data-element_type=\"section\" data-e-type=\"section\">\n\t\t\t\t\t\t<div class=\"elementor-container elementor-column-gap-default\">\n\t\t\t\t\t<div class=\"elementor-column elementor-col-100 elementor-top-column elementor-element elementor-element-f4a4a78\" data-id=\"f4a4a78\" data-element_type=\"column\" data-e-type=\"column\">\n\t\t\t<div class=\"elementor-widget-wrap elementor-element-populated\">\n\t\t\t\t\t\t<div class=\"elementor-element elementor-element-008fab7 elementor-widget elementor-widget-ct_offer_carousel\" data-id=\"008fab7\" data-element_type=\"widget\" data-e-type=\"widget\" data-widget_type=\"ct_offer_carousel.default\">\n\t\t\t\t<div class=\"elementor-widget-container\">\n\t\t\t\t\t    <div class=\"ct-offer ct-offer-carousel1 ct-slick-slider\">\r\n        <div class=\"ct-carousel-inner\">\r\n            <div class=\"ct-slick-carousel\" data-arrows=\"\" data-dots=\"\" data-pauseOnHover=\"\" data-autoplay=\"\" data-autoplaySpeed=\"5000\" data-infinite=\"\" data-speed=\"500\" data-colxs=\"1\" data-colsm=\"1\" data-colmd=\"1\" data-collg=\"1\" data-colxl=\"1\" data-dir=\"false\" data-slidesToScroll=\"1\">\r\n                                        <div class=\"slick-slide\">\r\n                            <div class=\"item--inner \">\r\n                                <div class=\"item--holder\">\r\n                                    <h4 class=\"item--title\">    \r\n                                                                            <\/h4>\r\n                                    <div class=\"item--description\">T\u00fcbitak, Bakanl\u0131k, Kalk\u0131nma Ajanslar\u0131, Di\u011fer Sivil Toplum Kurulu\u015flar\u0131 ve AB Gibi Yurt D\u0131\u015f\u0131 Finansman Kaynakl\u0131 Proje \u00c7a\u011fr\u0131lar\u0131n\u0131n Duyurular\u0131n\u0131 Takip Etmek \u0130\u00e7in Do\u011fru Yerdesiniz.<\/div>\r\n                                                                    <\/div>\r\n                                                                    <div class=\"item--image bg-image\" style=\"background-image: url(http:\/\/pdo.atauni.edu.tr\/wp-content\/uploads\/2020\/09\/MYO.jpg);\"><\/div>\r\n                                                           <\/div>\r\n                        <\/div>\r\n                            <\/div>\r\n        <\/div>\r\n    <\/div>\r\n\t\t\t\t<\/div>\n\t\t\t\t<\/div>\n\t\t\t\t\t<\/div>\n\t\t<\/div>\n\t\t\t\t\t<\/div>\n\t\t<\/section>\n\t\t\t\t<section class=\"elementor-section elementor-top-section elementor-element elementor-element-3cf2804 elementor-section-boxed elementor-section-height-default elementor-section-height-default\" data-id=\"3cf2804\" data-element_type=\"section\" data-e-type=\"section\">\n\t\t\t\t\t\t<div class=\"elementor-container elementor-column-gap-default\">\n\t\t\t\t\t<div class=\"elementor-column elementor-col-100 elementor-top-column elementor-element elementor-element-2e4642f\" data-id=\"2e4642f\" data-element_type=\"column\" data-e-type=\"column\">\n\t\t\t<div class=\"elementor-widget-wrap elementor-element-populated\">\n\t\t\t\t\t\t<div class=\"elementor-element elementor-element-fdf645d elementor-widget elementor-widget-ct_text_editor\" data-id=\"fdf645d\" data-element_type=\"widget\" data-e-type=\"widget\" data-widget_type=\"ct_text_editor.default\">\n\t\t\t\t<div class=\"elementor-widget-container\">\n\t\t\t\t\t<div id=\"ct_text_editor-fdf645d\" class=\"ct-text-editor \">\n\t<div class=\"ct-inline-css\"  data-css=\"\n        \">\n    <\/div>\n\t<div class=\"ct-text-editor elementor-clearfix\"><pre><span style=\"letter-spacing: 0px\">Ba\u015fvuru al\u0131m\u0131na a\u00e7\u0131k g\u00fcncel s\u00fcreli \u00e7a\u011fr\u0131lar\u0131 ilgili kurumlar\u0131n kendi sayfalar\u0131ndan takip etmeniz daha uygun olacakt\u0131r. Burada yer alanlar d\u0131\u015f\u0131nda aktif \u00e7a\u011fr\u0131 tespit\u00a0 ettiyseniz 044202311563 nolu telefon arac\u0131l\u0131\u011f\u0131yla ya da pdo@atauni.edu.tr adresine mail atarak bizimle irtibata ge\u00e7ebilirsiniz.<\/span><\/pre><\/div>\n<\/div>\t\t\t\t<\/div>\n\t\t\t\t<\/div>\n\t\t\t\t\t<\/div>\n\t\t<\/div>\n\t\t\t\t\t<\/div>\n\t\t<\/section>\n\t\t\t\t<\/div>\n\t\t","protected":false},"excerpt":{"rendered":"<p>Sanayi ve Teknoloji Bakanl\u0131\u011f\u0131nca haz\u0131rlanan 2021 Y\u0131l\u0131 Cazibe Merkezlerini Destekleme Program\u0131 kapsam\u0131nda &quot; Cazibe Merkezlerini Destekleme Program\u0131 \u00d6ncelik Alanlar\u0131&quot; i\u00e7in proje haz\u0131rlamak isteyen akademisyenlere PDO taraf\u0131ndan destek sa\u011flanacakt\u0131r. Bizimle ileti\u015fime ge\u00e7mek i\u00e7in &quot;Proje Fikri Dinleme Formu&quot;nu doldurabilirsiniz. KUDAKA i\u00e7in son ba\u015fvuru tarihi : 25\/04\/2021 \u0130lgili resmi yaz\u0131y\u0131 indirmek i\u00e7in t\u0131klay\u0131n\u0131z. Kudaka taraf\u0131ndan g\u00f6nderilen detayl\u0131 bilgilendirme [&hellip;]<\/p>\n","protected":false},"author":1,"featured_media":0,"parent":0,"menu_order":0,"comment_status":"closed","ping_status":"closed","template":"","meta":{"footnotes":""},"class_list":["post-4900","page","type-page","status-publish","hentry"],"_links":{"self":[{"href":"https:\/\/pdo.atauni.edu.tr\/index.php\/wp-json\/wp\/v2\/pages\/4900","targetHints":{"allow":["GET"]}}],"collection":[{"href":"https:\/\/pdo.atauni.edu.tr\/index.php\/wp-json\/wp\/v2\/pages"}],"about":[{"href":"https:\/\/pdo.atauni.edu.tr\/index.php\/wp-json\/wp\/v2\/types\/page"}],"author":[{"embeddable":true,"href":"https:\/\/pdo.atauni.edu.tr\/index.php\/wp-json\/wp\/v2\/users\/1"}],"replies":[{"embeddable":true,"href":"https:\/\/pdo.atauni.edu.tr\/index.php\/wp-json\/wp\/v2\/comments?post=4900"}],"version-history":[{"count":32,"href":"https:\/\/pdo.atauni.edu.tr\/index.php\/wp-json\/wp\/v2\/pages\/4900\/revisions"}],"predecessor-version":[{"id":6152,"href":"https:\/\/pdo.atauni.edu.tr\/index.php\/wp-json\/wp\/v2\/pages\/4900\/revisions\/6152"}],"wp:attachment":[{"href":"https:\/\/pdo.atauni.edu.tr\/index.php\/wp-json\/wp\/v2\/media?parent=4900"}],"curies":[{"name":"wp","href":"https:\/\/api.w.org\/{rel}","templated":true}]}}