{"id":4925,"date":"2020-08-26T15:36:12","date_gmt":"2020-08-26T12:36:12","guid":{"rendered":"http:\/\/pdo.atauni.edu.tr\/?page_id=4925"},"modified":"2020-09-02T10:10:10","modified_gmt":"2020-09-02T07:10:10","slug":"etik-kurul-belgeleri","status":"publish","type":"page","link":"https:\/\/pdo.atauni.edu.tr\/index.php\/etik-kurul-belgeleri\/","title":{"rendered":"Etik Kurul Belgeleri"},"content":{"rendered":"\t\t<div data-elementor-type=\"wp-page\" data-elementor-id=\"4925\" class=\"elementor elementor-4925\" data-elementor-post-type=\"page\">\n\t\t\t\t\t\t<section class=\"elementor-section elementor-top-section elementor-element elementor-element-e9aaf7e elementor-section-boxed elementor-section-height-default elementor-section-height-default\" data-id=\"e9aaf7e\" data-element_type=\"section\" data-e-type=\"section\">\n\t\t\t\t\t\t<div class=\"elementor-container elementor-column-gap-default\">\n\t\t\t\t\t<div class=\"elementor-column elementor-col-100 elementor-top-column elementor-element elementor-element-a12153f\" data-id=\"a12153f\" data-element_type=\"column\" data-e-type=\"column\">\n\t\t\t<div class=\"elementor-widget-wrap elementor-element-populated\">\n\t\t\t\t\t\t<div class=\"elementor-element elementor-element-f6a0cb7 elementor-widget elementor-widget-ct_text_box\" data-id=\"f6a0cb7\" data-element_type=\"widget\" data-e-type=\"widget\" data-widget_type=\"ct_text_box.default\">\n\t\t\t\t<div class=\"elementor-widget-container\">\n\t\t\t\t\t<div class=\"ct-text-box ct-text-box-layout1 \">\r\n    <div class=\"ct-text-box-inner\">\r\n        <div class=\"item--sub-title\"><\/div>\r\n        <h3 class=\"item--title\">\r\n                    <\/h3>\r\n        <div class=\"item--description\">Etik kurul belgeleri hakk\u0131nda ayr\u0131nt\u0131l\u0131 bilgilere \u00e7ok yak\u0131nda buradan ula\u015fabileceksiniz.<\/div>\r\n            <\/div>\r\n<\/div>\t\t\t\t<\/div>\n\t\t\t\t<\/div>\n\t\t\t\t\t<\/div>\n\t\t<\/div>\n\t\t\t\t\t<\/div>\n\t\t<\/section>\n\t\t\t\t<\/div>\n\t\t","protected":false},"excerpt":{"rendered":"<p>Etik kurul belgeleri hakk\u0131nda ayr\u0131nt\u0131l\u0131 bilgilere \u00e7ok yak\u0131nda buradan ula\u015fabileceksiniz.<\/p>\n","protected":false},"author":1,"featured_media":0,"parent":0,"menu_order":0,"comment_status":"closed","ping_status":"closed","template":"","meta":{"footnotes":""},"class_list":["post-4925","page","type-page","status-publish","hentry"],"_links":{"self":[{"href":"https:\/\/pdo.atauni.edu.tr\/index.php\/wp-json\/wp\/v2\/pages\/4925","targetHints":{"allow":["GET"]}}],"collection":[{"href":"https:\/\/pdo.atauni.edu.tr\/index.php\/wp-json\/wp\/v2\/pages"}],"about":[{"href":"https:\/\/pdo.atauni.edu.tr\/index.php\/wp-json\/wp\/v2\/types\/page"}],"author":[{"embeddable":true,"href":"https:\/\/pdo.atauni.edu.tr\/index.php\/wp-json\/wp\/v2\/users\/1"}],"replies":[{"embeddable":true,"href":"https:\/\/pdo.atauni.edu.tr\/index.php\/wp-json\/wp\/v2\/comments?post=4925"}],"version-history":[{"count":2,"href":"https:\/\/pdo.atauni.edu.tr\/index.php\/wp-json\/wp\/v2\/pages\/4925\/revisions"}],"predecessor-version":[{"id":5387,"href":"https:\/\/pdo.atauni.edu.tr\/index.php\/wp-json\/wp\/v2\/pages\/4925\/revisions\/5387"}],"wp:attachment":[{"href":"https:\/\/pdo.atauni.edu.tr\/index.php\/wp-json\/wp\/v2\/media?parent=4925"}],"curies":[{"name":"wp","href":"https:\/\/api.w.org\/{rel}","templated":true}]}}